j = -2*y - 2*y, -4*y + 3*j = 0. Suppose k - 5*k + 32 = y. What is the highest common divisor of 72 and k?
8
Let c be 1 - (-1)/((-2)/(-8)). What is the greatest common divisor of c and 45?
5
Let g(u) = -7*u + 4*u**2 - 3*u**2 + 2 - 2*u**2. Let f be g(-5). Let a be 18/f*200/6. What is the highest common divisor of 10 and a?
10
Let j be (-46)/(-10) - 9/15. Suppose j*r - 52 = -3*i, -2*r + i + 0*i = -16. What is the greatest common divisor of 50 and r?
10
Suppose 0 = -2*d - d + 75. What is the highest common divisor of d and 275?
25
Suppose -3*i + 1 + 5 = 0. Let s be 66/(-9)*(-3)/i. What is the greatest common factor of s and 11?
11
Suppose -y + 5*j = 6*j + 66, 2*y - 5*j = -146. Let x be -7 + 8 + (1 - y). What is the highest common divisor of 14 and x?
14
Suppose 2*n + 16 = -4*q + 64, 4*n - 52 = -4*q. Suppose 101 = 17*o - 273. Calculate the highest common divisor of q and o.
11
Let p be (1/3)/(2/6). Calculate the highest common divisor of p and 11.
1
Let f be 2 + 13 - (-2 - -2). What is the greatest common factor of f and 35?
5
Let m = 11 + -9. Suppose -2*f + 22 = x, m*f - x = 2*x + 14. What is the highest common factor of 70 and f?
10
Let o be 166/4 + 0 - 126/84. Suppose c + 0*c = 8. Calculate the greatest common divisor of o and c.
8
Let t(v) = -3*v**2 + 5*v**2 - 5*v + 3*v. Let y be t(-3). Calculate the greatest common factor of 60 and y.
12
Let b be 1/7 - (-208)/14. Suppose -l - 5 = -6. Suppose -m = l, 0*r + 4*r - 3*m = 63. What is the highest common factor of r and b?
15
Suppose 5*q = 40 + 5. What is the greatest common factor of 81 and q?
9
Let z(b) = 66*b + 4. Let j(f) = -13*f - 1. Let l(v) = -14*j(v) - 3*z(v). Let n be l(-5). Let u = 115 - n. What is the highest common factor of 11 and u?
11
Suppose -3*m = -66 + 21. Calculate the greatest common divisor of 120 and m.
15
Suppose 0 = -u - 3*u + 32. Suppose 0 = -5*w - 15 + 40. Suppose 2*i - u = -4*m + 2*m, 2*m + w*i = -7. Calculate the highest common divisor of 9 and m.
9
Let i be (-8)/20 - (-64)/10. Let r be i/(-15) - 408/(-20). What is the greatest common divisor of r and 80?
20
Suppose -2*q = 2*q - 3*h - 24, 4*h = 4*q - 28. Calculate the highest common divisor of q and 1.
1
Let f(v) = v**3 + 5*v**2 + 4*v + 4. Suppose -2*w = w + 9. Let n be f(w). What is the greatest common divisor of 5 and n?
5
Let x(d) = 2*d + 4. Let h be x(-5). Let o be (-2 - (h + -1))*6. Let t be ((-4)/6)/((-4)/o). Calculate the highest common factor of t and 25.
5
Let b(d) = d**3 - 9*d**2 + 8*d + 2. Let a be b(8). Let c = a + 4. What is the highest common factor of 6 and c?
6
Let a be 4/(-5) + 59*(-6)/(-30). What is the highest common divisor of 11 and a?
11
Let j = 25 + 1. Suppose -6 = -3*a + 6. Suppose 29 = a*d - 127. What is the greatest common divisor of d and j?
13
Suppose -q - 5*c = -11, -q - 3*c - 9 = -2*c. Let l = 20 + q. What is the greatest common factor of 2 and l?
2
Let x(h) = -h**2 + 10*h + 13. Let q be x(10). Let i = 22 - q. Calculate the greatest common divisor of 54 and i.
9
Suppose -7*m + 4*m = 240. Let c = -18 - m. What is the highest common divisor of c and 31?
31
Let r = 5 - -4. Let l be (4 - (3 - 2))*1. Let b be (-2)/(-6) - (-242)/l. Calculate the greatest common divisor of r and b.
9
Suppose 0 = 4*j - 8*j + 48. Let c(o) = 2*o + 8. Let a be c(-6). Let x be a/3*27/(-2). Calculate the highest common divisor of x and j.
6
Let n = 84 - 44. Calculate the highest common factor of n and 10.
10
Suppose 2*d = 4, -2*p - 4*d = d - 32. What is the highest common divisor of 11 and p?
11
Let z = 2 - 6. Let j = 4 - z. Calculate the highest common divisor of j and 4.
4
Suppose -2*v + 1820 = 2*v. Suppose 5*h + 0*h - v = 0. What is the greatest common divisor of h and 13?
13
Let s = 14 - 21. Let a(w) = -w**2 - 7*w + 6. Let q be a(s). Suppose 4*t - r = 172, 2*t + 2*r - 42 = 34. Calculate the greatest common divisor of t and q.
6
Let b be 6/(1/1) - -2. Let l be 1 + (3 - 0) + 0. Let m(r) = 3*r - 4. Let j be m(l). What is the highest common factor of j and b?
8
Let r be (-4 - -3 - 0)*0. Let c be r + (0 - 2) + 58. Calculate the greatest common factor of c and 8.
8
Suppose -b - 2 = 0, -5*b + 0 = 4*l - 10. What is the highest common factor of l and 15?
5
Let d be 1/(5/4 - 1). Suppose 6*b - 16 = 2*b. Calculate the highest common factor of d and b.
4
Let k(o) = -143*o. Let r be k(-1). Let l = 568 - 555. What is the highest common factor of l and r?
13
Let j(v) = v - 10. Let n be -1*(-4)/(4/11). Let k be j(n). Calculate the greatest common divisor of 4 and k.
1
Suppose 0 = -2*i - 2*s + 38, -3*s + 50 = 2*i + 16. Calculate the greatest common divisor of 184 and i.
23
Suppose 5*v - v - 88 = 0. What is the greatest common factor of 154 and v?
22
Let n(f) = -2*f + 3. Let w be n(4). Let h be (2/w)/(2/(-110)). Suppose 0 = 5*d + p - 884, 3*d + p = 664 - 132. What is the greatest common factor of d and h?
22
Suppose 3*x - 76 = -22. What is the highest common factor of 126 and x?
18
Let i(q) = -q**3 - 5*q**2 - 2*q - 3. Let b be i(-4). Let c = -6 - b. Suppose -c*h + 40 = -0*h. What is the highest common factor of 1 and h?
1
Suppose 0 = 4*j + 3*j - 21. Calculate the highest common factor of 3 and j.
3
Let r(t) = t**2 - 9. Let y be r(8). Let m = 29 - 18. Calculate the greatest common factor of y and m.
11
Let y(c) = 1 + 5*c - 2*c + 3 - 3. Let w be y(3). What is the greatest common divisor of w and 4?
2
Let u = -21 + 31. What is the greatest common divisor of u and 25?
5
Suppose 5*w - 2*w = -4*y - 23, 0 = -w - y - 6. Let d be (0 + 0)/(2/w). Suppose -242 + 32 = -2*b + 3*j, d = -2*j. What is the greatest common factor of 15 and b?
15
Suppose -4*n + 0*h - h + 126 = 0, 4*h = -5*n + 152. Calculate the greatest common divisor of 224 and n.
32
Let r(p) = p**2 - 2*p + 28. Let k be r(10). Calculate the highest common factor of k and 4.
4
Let k be 4/14 - 36/(-21). Suppose -5*a + 69 = 2*o, -o + k*a + 0*a = -48. What is the highest common divisor of 14 and o?
14
Let o be 1152/14 + (-2)/7. Suppose -5*m + 5*n = n - o, 0 = -4*m + n + 59. Let c = -10 + m. What is the highest common factor of c and 32?
4
Let h be ((1 - -1)*6)/1. Let o be 8/5*120/(-16). Let z be o/(-7)*(-9 + 16). Calculate the highest common factor of h and z.
12
Let i = -3 - -16. What is the highest common divisor of 91 and i?
13
Suppose -2*j = -6*j + 40. Suppose -4*y + j = -18. What is the highest common factor of 56 and y?
7
Let j be 8 + (3 - 2/1). Let v be (2 + -1)*(95 + 4). What is the greatest common factor of j and v?
9
Suppose f - 174 = 134. What is the greatest common factor of f and 28?
28
Let f = -5 + 9. Suppose 0 = f*n + 20, 470 = -b + 3*b + 2*n. Suppose 2*c + 2*c = b. Calculate the highest common divisor of 24 and c.
12
Let c(g) = 8*g - 6. Let q(v) = -4*v + 3. Let p(i) = -6*c(i) - 11*q(i). Let l be p(2). Let t = l - -21. What is the highest common factor of t and 8?
8
Suppose 42 = 5*l - 88. Suppose 4*k - 23 = -7. Let w = l - k. What is the highest common divisor of 2 and w?
2
Let o = -76 + 121. Suppose -12 = -5*v + 63. Calculate the highest common divisor of v and o.
15
Let i be (6 + -7)*1*-1. Calculate the highest common divisor of i and 4.
1
Let l(h) be the third derivative of -h**4/24 + h**3/2 + 2*h**2. Let t be l(4). Let g = 11 + t. What is the greatest common factor of g and 10?
10
Let f be -5*(2 - (-9)/(-3)). What is the greatest common divisor of f and 10?
5
Suppose -2*z + 3*z = -4*q + 12, 2*q - 3*z = 6. Suppose 2*a + 5*f - q*f - 18 = 0, 2*a + f - 15 = 0. What is the highest common factor of 6 and a?
6
Let a = 17 + -12. What is the highest common factor of a and 20?
5
Let o(p) = 8*p + 0 - 1 + 2*p**2 - 2*p. Suppose 4*r + 18 = -10. Let b be o(r). Calculate the greatest common divisor of 11 and b.
11
Let c be (-202)/(-8) - (-2)/(-8). Let h = 9 + -4. Calculate the greatest common divisor of c and h.
5
Let q be (-1)/2 - (-2245)/10. What is the highest common divisor of 32 and q?
32
Suppose -3*s - 324 = -7*s. Suppose 5*b = 4*p - 3 - 8, -4*b - 7 = -3*p. What is the highest common factor of p and s?
9
Let p(q) = 39*q - 9. Let i be p(3). What is the highest common factor of i and 27?
27
Suppose 2*d = -3*d + a + 40, 4*d = -5*a + 3. What is the greatest common divisor of 7 and d?
7
Suppose -4*s + 2*g + 2 = 0, 5*s - g = 3*g - 2. Suppose 0 = -5*q - 15, o + s*q = 4*q + 34. Calculate